*y - 580 = o. List the prime factors of (9/(-2))/((-30)/g).
2, 3, 7
Let y(j) = -j**3 - 2*j**2 + 7. Let l be y(-5). Let g = l - 43. What are the prime factors of g?
3, 13
Let r(k) = -29*k**3 - k**2 + 1. Let i(b) = 2*b - b**3 + 0*b**3 + 2*b**3 - 1 - b. Let h be i(0). List the prime factors of r(h).
29
Suppose 3*b + 4 = 4. Let q = b + 113. List the prime factors of q.
113
Let s(h) = 12*h**3 - 2*h**2 - 5*h + 2. Let u be s(3). Suppose u = -6*k + 827. List the prime factors of k.
89
Let l = -599 + 1003. List the prime factors of l.
2, 101
Suppose -89*a = -268830 - 123393. List the prime factors of a.
3, 13, 113
Let k = -176 - -773. What are the prime factors of k?
3, 199
Suppose -191*o + 194*o - 966 = 0. What are the prime factors of o?
2, 7, 23
Let r(a) = a**2 + 6*a + 18. Let w be r(-9). Suppose -15 = -4*v - v. Suppose v*d - w = 3*x, 5*x + 22 = 3*d - 17. List the prime factors of d.
2, 3
Let s be (-1 - (-1)/2)*-26. Let y = 170 + 55. Suppose s*t - 18*t = -y. What are the prime factors of t?
3, 5
Let a(d) = -5*d + 21. Let k(s) = -s + 4. Let u(i) = 6*a(i) - 33*k(i). Let z be u(17). Let f = 79 - z. List the prime factors of f.
2, 17
List the prime factors of (-416 - 21)*(0 - 1).
19, 23
Suppose 4*x - 94 = -2*b, 3*b = -5*x + 17 + 101. Let g = -20 + x. Suppose 2*j + g*y - 2 - 24 = 0, 4*y - 44 = -4*j. List the prime factors of j.
7
Suppose 0 = -372*h + 356*h + 74384. What are the prime factors of h?
4649
Let q = 32 - -708. List the prime factors of q.
2, 5, 37
Suppose -6*k - 1321 = -3373. List the prime factors of k.
2, 3, 19
Let k(n) = -8*n**3. Let j be k(-1). Suppose -2*a + 48 = j. Let s = a - 10. List the prime factors of s.
2, 5
Suppose 5 = -2*k + 25. Suppose -3*z - 12 = -z. Let x = z + k. List the prime factors of x.
2
Suppose 0 = 2*h + 8*h - 30. Let u(g) = g**3 + 7*g**2 - 10*g + 10. Let x be u(-8). Suppose 0 = -h*o + x + 31. What are the prime factors of o?
19
Let j = -2089 - -4702. What are the prime factors of j?
3, 13, 67
Suppose 0 = 3*m + 462 - 522. Let b = 26 + -10. Let r = m + b. List the prime factors of r.
2, 3
Suppose 4*p + 19 = 7. Let b(o) = o**3 - 2*o**3 - 2*o + 5*o - 1. What are the prime factors of b(p)?
17
Let s(n) = -96*n - 200. What are the prime factors of s(-17)?
2, 179
Let s = -22 + 74. Suppose -a - s = -3*a. What are the prime factors of a?
2, 13
Suppose -15 = -5*c + 30. Suppose 0 = -v + 2*v + c. Let y = v - -19. List the prime factors of y.
2, 5
Let l = -52 - -49. Let r(y) = 6*y**2 + 11. List the prime factors of r(l).
5, 13
Suppose 0 = 2*p + 5*g - 1680, -4*p + 4*g = 3*g - 3338. List the prime factors of p.
5, 167
Let g(i) = -i**2 - 3*i + 1. Let b be g(-2). Let q = 5 + b. What are the prime factors of q?
2
Let b = -292 + 1137. What are the prime factors of b?
5, 13
Let i = -724 + 1973. What are the prime factors of i?
1249
Let j(l) = 40*l + 58. Let t be j(-9). Let i = t + 477. List the prime factors of i.
5, 7
Let m be (-2 + -2)/((112/35)/(-4)). Let p(h) = 4 + 1 + h**2 - 3*h + 0*h**2. List the prime factors of p(m).
3, 5
Suppose -228*d + 230*d = 7846. What are the prime factors of d?
3923
Let g be (-6)/39 - 164/(-52). List the prime factors of 2/g*(1 - (-1 + -1)).
2
Let j be 27/6*(-4)/6. List the prime factors of (3/2)/(j/(-48)).
2, 3
Let d = 22 + -47. Let r = 178 + -166. Let s = r - d. What are the prime factors of s?
37
Let v(c) = -c**3 - 8*c**2 + 9*c + 4. Let f be (24/(-9))/((-6)/9). Suppose -9 = -3*a + f*a. What are the prime factors of v(a)?
2
Let l be -8*(-39 - (-15)/5). Suppose -8*s + 12*s = l. What are the prime factors of s?
2, 3
List the prime factors of (18/5)/((-254761)/25480 + 10).
2, 3, 7
Suppose -19*w + 24*w = 540. Let t = -57 + w. What are the prime factors of t?
3, 17
Let b = -1409 - -3375. List the prime factors of b.
2, 983
Let g(c) = -24*c - 1. Let f be g(5). Let r = -84 - f. Let z = r - 5. List the prime factors of z.
2
Let c(k) = 2*k**3 - 12*k**2 - 2*k - 12. Let o(y) = -y**3 + 13*y**2 + y + 11. Let f(u) = 2*c(u) + 3*o(u). List the prime factors of f(-15).
2, 3
Let t = -371 + 694. Let y = t - 187. What are the prime factors of y?
2, 17
Let b = 134 - 66. Let m(r) = -r**2 + 11*r - 12. Let q be m(7). Let s = b - q. List the prime factors of s.
2, 13
Suppose -547 - 3524 = -v - 3*j, 0 = 4*v - j - 16232. List the prime factors of v.
3, 11, 41
Suppose 38 = 4*x + 14. Suppose -29 = -5*z + x. What are the prime factors of 6/21 - (-404)/z?
2, 29
Let x = -103 + 113. Let o(w) = w**2 + w + 34. What are the prime factors of o(x)?
2, 3
Suppose -3625 = -4*m - 5*g, 0 = 3*g + 2*g - 25. What are the prime factors of m?
2, 3, 5
Suppose 0*w + 21 = 7*w. Suppose -3*i - w*i + 1212 = 0. List the prime factors of i.
2, 101
Let u(h) = 3 - 4*h**2 - 3*h**2 + 2*h**2 - 22 + 16*h. Let p(v) = 6*v**2 - 15*v + 19. Let t(o) = -4*p(o) - 5*u(o). List the prime factors of t(20).
19
Let a be (1391/(-39))/(2/(-6)). Suppose -604 + a = -7*f. List the prime factors of f.
71
Let a(h) be the third derivative of h**6/180 - h**5/40 - h**4/12 + 3*h**3/2 + 13*h**2. Let u(q) be the first derivative of a(q). List the prime factors of u(7).
3, 5
Let l(y) = -24*y - 126. What are the prime factors of l(-38)?
2, 3, 131
Let p be ((-9)/(-4))/(2/8). Suppose -w + 15 - 14 = 0. Suppose w = -k + p. What are the prime factors of k?
2
Let j(h) = -h - 9. Let g be j(-11). Suppose 2*b = -m + 200, g*b - 3*b + 90 = -2*m. What are the prime factors of b?
2, 7
Let n = 34 - 28. Let a(m) = -m**3 + 11*m**2 - 8*m + 3. What are the prime factors of a(n)?
3, 5
Suppose 0 = 19*v - 17*v - 146. Suppose -5*u - 5*s = -500, 4*s - 131 = -2*u + v. List the prime factors of u.
2, 7
Suppose -43*c + 15 = -38*c. Suppose 0 = -2*q + c*q - 70. What are the prime factors of q?
2, 5, 7
Let t be (-1)/(1*(-1)/(-73)). List the prime factors of 0 + 1 - (t - -2).
2, 3
Let s(w) = 11*w**2 + 2*w - 1. Let t be s(1). Let p = -13 + t. List the prime factors of p + (-2)/(-3)*21.
13
Let v be 1 + (48/(-12))/((-1)/34). Suppose 5*n - 490 = -3*f, n - v + 39 = 2*f. List the prime factors of n.
2, 7
Let o be (-140)/(-6) - 6/18. Let x = -46 + 34. Let i = x + o. What are the prime factors of i?
11
Let f = -608 - -1042. List the prime factors of f.
2, 7, 31
Let t(v) = -52*v - 317. What are the prime factors of t(-34)?
1451
Let t = 104 + -190. Let q be (-14)/(-63) + t/(-18). Suppose -3*v = -q*k - 64, -3*k + 152 = 7*v - 2*v. List the prime factors of v.
2, 7
Let t = 7 + -4. Suppose x - 30 = 3*w, -4*w = 4*x + 19 - 139. Suppose -y + 26 = t*n, n + 3*y - x = -2*n. List the prime factors of n.
2
Let p(y) = 3*y**2 - 4*y**2 + 3 + 8*y + 0*y**2. Let g be p(4). Suppose -g - 18 = -v. What are the prime factors of v?
37
Let r be 2/((-2)/(4 + -2)). What are the prime factors of 39 + 2 + (r - 4)?
5, 7
Let v be 24/1 + (-4)/(-4). Suppose 5*r + 0 + v = 0. List the prime factors of 108/20 - (-2)/r.
5
Let r(i) = 442*i - 18. What are the prime factors of r(3)?
2, 3, 109
Let t(k) = 15*k**3 + k**2 - 2*k + 2. Let c(j) = 2*j - 8. Let l be c(7). Let d(x) = -x + 7. Let g be d(l). List the prime factors of t(g).
2
Let z(u) be the third derivative of u**6/120 - 7*u**5/30 + u**4 + 5*u**3/6 + 4*u**2. What are the prime factors of z(13)?
2, 37
Suppose 7*u - 20 = 2*u. Let b(w) = 34*w + 19. What are the prime factors of b(u)?
5, 31
Let z be (-112)/(-32)*(-60)/(-14). List the prime factors of (3 + -4)/(-5) + 567/z.
2, 19
Suppose 2*h + 2*b = -h + 1126, -2*h + 744 = -2*b. Let g = h - 187. List the prime factors of g.
11, 17
Suppose -5*i = 2*i + 196. What are the prime factors of (-988)/i + -1*2/7?
5, 7
Let p(b) = 2*b**3 - 2*b**2 + 180*b - 11. What are the prime factors of p(11)?
3, 7, 11, 19
Suppose -q + 3*i = 7*i - 679, 3*q - 2020 = 5*i. What are the prime factors of q?
3, 5
Suppose 4*l = -2*w - 0*w, -2 = -2*w - 5*l. Let g(b) = -56*b. Let y be g(w). Suppose 2*m + 2*f = 99 - 7, 5*m = -2*f + y. List the prime factors of m.
2, 11
What are the prime factors of (312/91)/((-4)/(-658))?
2, 3, 47
Let g(q) = q**2 - 4*q - 5. Let h be g(-11). Suppose 9*v - 4*v = h. List the prime factors of v.
2
Suppose 190*c - 173*c = 90695. What are the prime factors of c?
5, 11, 97
Let p be (-4)/18 + 490/(-63). Let c(q) = 8 - 6*q - 9 - 9 + 1. What are the prime factors of c(p)?
3, 13
Suppose -10*b = -9*b - 8. Suppose x - 2 = b. What are the prime factors of 42/x*(1 - -4)?
3, 7
Let 